3 + 46*o**2 + 18*o + 100. What is y(-15)?
55
Let h(k) = -k**3 - 52*k**2 - 542*k + 206. What is h(-15)?
11
Let w(g) = -17*g + 19. Give w(-2).
53
Let m(g) = -1953*g - 8. Calculate m(0).
-8
Let f(v) = -276*v + 1532. Determine f(6).
-124
Let o(n) = -44*n + 4819. What is o(108)?
67
Let s(j) = 2*j**2 + 129*j - 211. Calculate s(-66).
-13
Let h(c) = -67*c + 220. Determine h(3).
19
Let o(w) = -4*w**2 + 77*w + 35. Determine o(22).
-207
Let f(p) = p**3 - 8*p**2 + 28*p - 37. What is f(7)?
110
Let q(v) = -278*v - 1414. What is q(-5)?
-24
Let w(r) = 7*r - 105. Calculate w(17).
14
Let y(o) = 10*o + 278. Give y(15).
428
Let w(o) = o**2 - 17*o - 182. Determine w(24).
-14
Let q(m) = -2*m**3 - 12*m**2 + 60*m + 59. What is q(-9)?
5
Let p(c) = 4*c**2 + 56*c + 246. Determine p(-18).
534
Let j(q) = -q**3 + 4*q**2 - 12*q. Give j(3).
-27
Let n(d) = -6*d**3 - 8*d**2 + 35*d - 7. Give n(3).
-136
Let v(z) = 708*z + 38228. Calculate v(-54).
-4
Let k(h) = -h**3 - 9*h**2 - 5*h - 3. Calculate k(-8).
-27
Let w(v) = -2*v**3 + 43*v**2 - 16*v. Calculate w(21).
105
Let d(w) = -83*w + 3571. Calculate d(43).
2
Let t(f) = 34*f**2 - 941*f - 54. Calculate t(28).
254
Let h(r) = 109*r**3 - 1854*r**2 + 15*r + 32. Give h(17).
-2
Let l(w) = -1587*w + 1581. Calculate l(1).
-6
Let h(m) = -m**3 + 43*m**2 + 252*m - 463. Determine h(48).
113
Let x(o) = 28*o**2 - 46*o + 86. Calculate x(2).
106
Let u(a) = 17*a - 628. Calculate u(26).
-186
Let t(x) = x**3 + 24*x**2 - 87*x + 7. Determine t(4).
107
Let y(f) = -19*f + 107. What is y(-4)?
183
Let i(t) = 61*t + 421. Give i(-10).
-189
Let v(g) = 11*g**3 - 35*g**2 + 33*g + 2. Calculate v(1).
11
Let r(z) = -z**3 + 22*z**2 - 22*z + 50. Determine r(21).
29
Let y(w) = -w**2 + 243*w + 1221. Give y(-5).
-19
Let d(v) = -2*v**2 + 327*v - 5849. Give d(143).
14
Let l(x) = -x**2 - 17*x + 98. Calculate l(-12).
158
Let c(j) = -2*j**3 - 24*j**2 - 46*j + 82. Determine c(-9).
10
Let c(v) = -23*v + 448. Calculate c(11).
195
Let n(p) = 4065*p - 36588. What is n(9)?
-3
Let j(r) = -r**2 - 31*r - 37. Determine j(-27).
71
Let v(s) = s**2 - 5*s - 22. Determine v(7).
-8
Let j(v) = 2*v**2 + 275*v + 2310. Calculate j(-9).
-3
Let t(u) = -7*u**3 - 38*u + 2. Determine t(4).
-598
Let v(a) = -2*a**3 - 18*a**2 + 30*a + 110. Determine v(-10).
10
Let x(r) = -2*r**3 - 117*r**2 - 60*r - 117. Give x(-58).
-1
Let q(m) = -m**3 - 9*m**2 - 13*m + 44. Calculate q(-5).
9
Let w(h) = -3*h**2 + 236*h + 467. What is w(-2)?
-17
Let p(v) = v**2 - 6*v - 75. Give p(17).
112
Let z(w) = -42*w**2 + 487*w + 200. Determine z(12).
-4
Let v(l) = l**2 + 39*l - 469. Calculate v(9).
-37
Let t(p) = -69*p**2 - 209*p - 14. Determine t(-3).
-8
Let d(g) = -g**3 + 4*g**2 + 13*g - 23. What is d(6)?
-17
Let k(a) = 134*a**3 - 4*a**2 + 4*a + 4. Calculate k(2).
1068
Let n(p) = -30*p + 1481. What is n(49)?
11
Let h(a) = -a**3 + 38*a**2 - 106*a + 48. Give h(35).
13
Let h(k) = -k**2 + 5*k + 176. Calculate h(-16).
-160
Let b(q) = -2*q - 61. What is b(-66)?
71
Let k(n) = 1989*n - 15905. Determine k(8).
7
Let b(m) = -m**3 + 107*m**2 - 169*m + 6674. What is b(106)?
-4
Let p(u) = -501*u - 1001. Calculate p(-2).
1
Let y(a) = 1105*a + 33168. Calculate y(-30).
18
Let s(z) = 2*z**2 + 31*z + 117. Give s(-8).
-3
Let n(j) = 2*j**3 + 37*j**2 - 16*j + 49. Give n(-19).
-8
Let h(m) = -4*m**3 + 4*m**2 + 1. Give h(-1).
9
Let h(r) = 3*r**2 + 3*r + 20. What is h(5)?
110
Let c(y) = y**3 - 6*y**2 + y - 24. Determine c(6).
-18
Let w(g) = 2847*g - 128121. What is w(45)?
-6
Let q(o) = -31375*o - 219629. Give q(-7).
-4
Let i(m) = -378*m + 7711. Determine i(20).
151
Let c(u) = -u**3 + 12*u**2 - 54*u + 236. Give c(9).
-7
Let t(l) = 179*l + 690. Calculate t(-3).
153
Let s(a) = 32*a + 1230. Determine s(-38).
14
Let x(o) = o**2 + 28*o + 39. Give x(-26).
-13
Let y(j) = j**3 + 9*j**2 - 4*j - 135. Calculate y(-6).
-3
Let p(i) = i**3 + 8*i**2 + 6*i + 4. What is p(-9)?
-131
Let a(t) = -44*t - 390. Calculate a(-8).
-38
Let f(s) = -s**2 - 19*s + 1807. What is f(34)?
5
Let b(a) = -a**3 - 37*a**2 + 76*a - 76. Determine b(-39).
2
Let v(t) = -3*t**2 + 78*t + 152. Determine v(28).
-16
Let u(c) = c**2 + 13*c - 65. Calculate u(-22).
133
Let b(c) = 107*c + 2872. Give b(-27).
-17
Let d(h) = -94*h + 1059. What is d(9)?
213
Let d(s) = -4*s - 76. What is d(-11)?
-32
Let u(x) = x**2 - 8*x + 24. Determine u(3).
9
Let i(z) = z**2 - 1395*z - 16885. Determine i(-12).
-1
Let h(l) = -127*l - 9. Give h(-3).
372
Let c(b) = -2*b**2 + 308*b - 3399. What is c(12)?
9
Let z(f) = -811*f - 1621. Calculate z(-2).
1
Let o(t) = 4*t**3 - 37*t**2 + 87*t - 7. Give o(5).
3
Let d(o) = -o**2 - 18*o - 59. What is d(-4)?
-3
Let r(c) = -5*c**2 + 13*c - 5. Give r(3).
-11
Let i(w) = 4*w - 261. Determine i(48).
-69
Let h(d) = 21*d**2 + 46*d - 125. Calculate h(3).
202
Let x(v) = v**3 - 38*v**2 + 96*v - 859. What is x(36)?
5
Let f(h) = -h**3 - 39*h**2 - 15*h + 870. Give f(-38).
-4
Let t(w) = 94*w**2 + 17*w - 19. Calculate t(1).
92
Let p(g) = 122*g + 266. Give p(-2).
22
Let j(l) = l**3 + 5*l**2 - 55*l + 192. Give j(5).
167
Let h(w) = -90*w + 13220. Give h(147).
-10
Let p(u) = 7*u - 280. What is p(44)?
28
Let n(i) = -20*i**2 - 3*i - 1. Determine n(2).
-87
Let i(s) = 302*s - 2179. Determine i(7).
-65
Let f(c) = -49*c + 939. Determine f(10).
449
Let o(t) = t**2 - 14*t - 173. Determine o(19).
-78
Let h(p) = -158*p - 16744. Determine h(-106).
4
Let v(c) = -c**2 - 22*c + 42. Determine v(17).
-621
Let b(y) = -y**2 - 19*y - 28. Give b(-15).
32
Let b(u) = 12*u + 154. Calculate b(-16).
-38
Let p(f) = -f**2 - 58*f - 78. Calculate p(-47).
439
Let n(y) = -y**3 + 14*y**2 - 221*y + 2072. Give n(11).
4
Let f(w) = -77*w + 206. Determine f(5).
-179
Let k(i) = 4*i**2 - 6*i + 19. What is k(-10)?
479
Let d(g) = g**3 - 49*g**2 + 492*g - 71. What is d(35)?
-1
Let g(u) = -47*u - 1627. Determine g(-36).
65
Let g(b) = b**3 + 35*b**2 - 36*b + 16. Give g(-36).
16
Let s(i) = -11571*i + 115709. Give s(10).
-1
Let f(t) = -99*t - 310. Give f(-3).
-13
Let l(v) = -523*v + 2093. Determine l(4).
1
Let w(r) = 632*r - 2455. What is w(4)?
73
Let b(o) = 18*o + 3. Determine b(17).
309
Let j(q) = q**3 - 41*q**2 + 82*q - 152. Determine j(39).
4
Let o(a) = -26*a**3 - 4*a**2 - 15*a - 10. What is o(-1)?
27
Let j(w) = -2*w**2 - 99*w + 989. Determine j(-58).
3
Let z(w) = 5*w**2 + 112*w + 598. Give z(-8).
22
Let b(v) = -v**3 - 10*v**2 - 8*v + 19. Calculate b(-10).
99
Let b(g) = 165*g - 1136. Determine b(7).
19
Let o(t) = 2*t**3 - 11*t**2 - 4*t - 139. Determine o(7).
-20
Let f(c) = 257*c - 5401. What is f(21)?
-4
Let t(n) = 8*n**2 + 504*n - 3925. Calculate t(7).
-5
Let s(v) = 3*v**2 - 8*v + 22. What is s(7)?
113
Let m(f) = 40*f**3 + 10*f**2 - 3*f + 7. Give m(-2).
-267
Let u(l) = 6*l**3 - 74*l**2 + 29*l - 78. Give u(12).
-18
Let i(y) = -1195*y + 34656. Calculate i(29).
1
Let u(m) = m**2 + 25*m + 84. Give u(-21).
0
Let g(q) = q**3 - 7*q**2 - 9*q + 13. Give g(10).
223
Let g(j) = j**3 - 9*j**2 + 709*j - 2769. What is g(4)?
-13
Let l(m) = -m**3 + m**2 - 5*m - 5. Determine l(-5).
170
Let v(w) = -2*w**2 + 70*w + 593. What is v(-7)?
5
Let w(b) = 3*b**2 + 22*b + 144. Calculate w(-5).
109
Let z(l) = -2*l**2 - 47*l - 43. Give z(-22).
23
Let l(y) = 1391*y**2 - 23645*y - 28. Give l(17).
6
Let n(l) = l**3 + 3*l**2 + 2*l - 3. Determine n(-6).
-123
Let h(o) = -37*o**2 - 560*o - 28. Determine h(-15).
47
Let a(z) = -1687*z**2 + 10125*z - 7. What is a(6)?
11
Let d(y) = 27*y - 225. Calculate d(8).
-9
Let m(y) = -183*y - 368. Give m(-3).
181
Let a(x) = -2*x + 19. Give a(2).
15
Let r(s) = 3272*s - 6. Determine r(0).
-6
Let n(h) = -10*h + 147. Give n(0).
147
Let x(d) = -3*d**2 + 382*d + 16252. Give x(161).
-9
Let y(j) = 13*j + 116. Give y(-4).
64
Let u(s) = -228*s - 46. Determine u(1).
-274
Let o(f) = f + 510. Give o(42).
552
Let b(j) = -j**3 + 58*j**2 - 515*j - 34. Determine b(11).
-12
Let o(m) = -m**3 - 9*m**2 - 5. Give o(-10).
95
Let k(d) = 857*d + 17150. Determine k(-20).
10
Let v(s) = -s**3 + 6*s**2 + 436*s - 44. Determine v(24).
52
Let n(s) = 2*s**3 - 78*s**2 + 76*s + 33. Calculate n(38).
33
Let z(f) = -49*f - 8730. Determine z(-178).
-8
Let o(t) = t**3 - 48*t**2 - 205*t - 49. What is o(52)?
107
Let v(u) = -2*u**2 + 6*u + 264. Give v(16).
-152
Let j(v) = -654*v - 3776. What is j(-6)?
148
Let n(h) = -2*h**2 - 81*h - 728. Calculate n(-14).
14
Let a(g) = 49*g + 400. Determin